2?
False
Is 13207824 a multiple of 42?
True
Is 128 a factor of 3032832?
True
Does 842 divide 1761868?
False
Is 68 a factor of 306626?
False
Does 93 divide 196788?
True
Is 16407925 a multiple of 19?
True
Is 402 a factor of 41768?
False
Is 18034301 a multiple of 2158?
False
Is 411288 a multiple of 71?
False
Does 15 divide 27866?
False
Is 1639586 a multiple of 126?
False
Is 3 a factor of 998143?
False
Is 2 a factor of 1865797?
False
Is 2001678 a multiple of 42?
True
Is 182796 a multiple of 10?
False
Does 9 divide 4501616?
False
Does 835 divide 5856282?
False
Does 6 divide 70131?
False
Is 13 a factor of 1178164?
True
Is 687642 a multiple of 3?
True
Does 9 divide 5854491?
True
Is 257530 a multiple of 182?
True
Is 6054345 a multiple of 11?
True
Is 719 a factor of 266860?
False
Is 6577757 a multiple of 110?
False
Does 42 divide 460446?
True
Is 123 a factor of 5351903?
False
Is 1636 a multiple of 2?
True
Is 877 a factor of 667762?
False
Is 32 a factor of 1605312?
True
Is 245 a factor of 110192?
False
Is 1868540 a multiple of 10?
True
Is 56049 a multiple of 17?
True
Does 86 divide 3548459?
False
Is 488448 a multiple of 192?
True
Does 14 divide 1023936?
False
Is 26 a factor of 164944?
True
Is 718219 a multiple of 50?
False
Is 6 a factor of 27487?
False
Is 16 a factor of 863444?
False
Does 659 divide 250297?
False
Is 77 a factor of 119741?
False
Does 17 divide 231472?
True
Does 25 divide 5777525?
True
Is 108689 a multiple of 8?
False
Is 213 a factor of 417471?
False
Is 19 a factor of 4849066?
True
Is 2129141 a multiple of 7?
True
Is 5434800 a multiple of 700?
True
Is 5 a factor of 28688?
False
Is 345336 a multiple of 224?
False
Is 22 a factor of 23650?
True
Does 259 divide 60299?
False
Is 198655 a multiple of 4?
False
Does 22 divide 57244?
True
Is 3 a factor of 28764?
True
Does 2628 divide 2099727?
False
Is 107661 a multiple of 51?
True
Does 124 divide 101928?
True
Is 17243 a multiple of 188?
False
Is 80 a factor of 145609?
False
Does 279 divide 3695076?
True
Is 9 a factor of 24300?
True
Does 418 divide 1651480?
False
Does 60 divide 1491818?
False
Is 590 a factor of 1968830?
True
Is 8 a factor of 8144061?
False
Is 61810 a multiple of 135?
False
Is 42 a factor of 563976?
True
Does 25 divide 382325?
True
Does 1053 divide 891891?
True
Is 11360590 a multiple of 170?
True
Is 10571468 a multiple of 1453?
False
Is 225 a factor of 1699200?
True
Is 3118805 a multiple of 552?
False
Does 9 divide 1527091?
False
Is 24 a factor of 3393630?
False
Does 413 divide 1118528?
False
Is 148417 a multiple of 306?
False
Is 940690 a multiple of 327?
False
Is 18 a factor of 264492?
True
Is 118 a factor of 2545142?
True
Is 7658 a multiple of 7?
True
Does 119 divide 2856895?
False
Does 9 divide 17010?
True
Is 394 a factor of 287226?
True
Does 659 divide 5716613?
False
Does 73 divide 1251731?
True
Is 70 a factor of 50600?
False
Is 158 a factor of 155746?
False
Is 17 a factor of 2489623?
False
Does 4 divide 5675824?
True
Is 81 a factor of 551205?
True
Is 130051 a multiple of 37?
False
Is 59 a factor of 12441526?
False
Is 8601356 a multiple of 2453?
False
Is 30 a factor of 99674?
False
Is 3723384 a multiple of 518?
True
Is 313 a factor of 13582009?
True
Does 47 divide 458626?
True
Is 655997 a multiple of 67?
True
Is 321 a factor of 223095?
True
Is 36 a factor of 102050?
False
Is 7413648 a multiple of 48?
True
Does 558 divide 757011?
False
Is 234 a factor of 84456?
False
Is 6 a factor of 268026?
True
Is 34 a factor of 136442?
True
Is 6786517 a multiple of 12?
False
Does 48 divide 2412858?
False
Is 85 a factor of 69801?
False
Is 6468701 a multiple of 109?
False
Is 118 a factor of 8731882?
True
Is 117 a factor of 138641?
False
Is 786592 a multiple of 188?
True
Is 8 a factor of 1268784?
True
Is 13 a factor of 2181855?
True
Does 105 divide 2171085?
True
Is 2 a factor of 17260?
True
Is 1079730 a multiple of 15?
True
Does 24 divide 169896?
True
Does 443 divide 1880092?
True
Does 7 divide 14351469?
False
Is 161 a factor of 11512949?
True
Is 83 a factor of 6130380?
True
Is 2891083 a multiple of 8?
False
Is 20 a factor of 341179?
False
Does 111 divide 293928?
True
Is 462221 a multiple of 6?
False
Is 119745 a multiple of 19?
False
Is 315690 a multiple of 85?
True
Is 45026 a multiple of 2?
True
Is 639 a factor of 383275?
False
Is 181 a factor of 36743?
True
Does 20 divide 171322?
False
Is 234880 a multiple of 367?
True
Does 4 divide 483712?
True
Is 9 a factor of 541708?
False
Is 128 a factor of 387847?
False
Is 1320168 a multiple of 536?
True
Is 712 a factor of 4864863?
False
Is 825 a factor of 6370167?
False
Does 7 divide 58492?
True
Is 164 a factor of 97338?
False
Is 168910 a multiple of 38?
True
Does 318 divide 3623373?
False
Is 11 a factor of 6280804?
False
Does 80 divide 52960?
True
Does 4 divide 219529?
False
Does 178 divide 1482562?
True
Is 38 a factor of 923970?
True
Does 166 divide 121753?
False
Does 332 divide 276888?
True
Does 63 divide 22386?
False
Is 173610 a multiple of 45?
True
Is 54930 a multiple of 15?
True
Is 153470 a multiple of 515?
True
Is 273 a factor of 553528?
False
Is 158403 a multiple of 24?
False
Does 13 divide 157404?
True
Is 2125346 a multiple of 881?
False
Is 6 a factor of 111414?
True
Is 409584 a multiple of 7?
True
Does 260 divide 491661?
False
Does 574 divide 2578408?
True
Does 125 divide 767421?
False
Does 309 divide 84975?
True
Is 17 a factor of 83137?
False
Is 35 a factor of 12482798?
False
Is 8 a factor of 1581032?
True
Does 20 divide 141451?
False
Is 191616 a multiple of 122?
False
Is 141 a factor of 1232698?
False
Is 318864 a multiple of 511?
True
Does 202 divide 4596107?
False
Is 16026708 a multiple of 12?
True
Does 3 divide 211?
False
Is 259831 a multiple of 23?
True
Is 35 a factor of 2001335?
True
Does 319 divide 4733169?
False
Does 4 divide 4436?
True
Does 15 divide 974781?
False
Is 23 a factor of 167302?
True
Is 59379 a multiple of 9?
False
Is 2452039 a multiple of 284?
False
Does 8 divide 477235?
False
Is 171240 a multiple of 6?
True
Does 47 divide 614521?
False
Is 29 a factor of 123099?
False
Is 297891 a multiple of 59?
True
Is 25 a factor of 1023300?
True
Is 504024 a multiple of 335?
False
Does 80 divide 457040?
True
Is 94048 a multiple of 8?
True
Does 442 divide 118242?
False
Does 105 divide 231790?
False
Does 8 divide 171904?
True
Is 183313 a multiple of 7?
False
Is 13871 a multiple of 11?
True
Does 110 divide 2998930?
True
Is 249 a factor of 105576?
True
Is 4 a factor of 175156?
True
Is 8 a factor of 160112?
True
Is 17941 a multiple of 2?
False
Is 39 a factor of 483015?
True
Is 9 a factor of 8217?
True
Does 39 divide 225771?
True
Is 23 a factor of 750812?
True
Is 230469 a multiple of 51?
True
Does 7 divide 663697?
False
Is 422 a factor of 3194962?
True
Is 13 a factor of 240253?
True
Is 475 a factor of 19000?
True
Is 114392 a multiple of 373?
False
Does 475 divide 235426?
False
Is 32721179 a multiple of 271?
False
Does 427 divide 4113202?
False
Is 18 a factor of 56564?
False
Is 138510 a multiple of 57?
True
Is 92 a factor of 315468?
True
Is 27 a factor of 9994529?
False
Does 5 divide 81815?
True
Is 8873230 a multiple of 115?
False
Is 7 a factor of 22687?
True
Does 236 divide 1834900?
True
Is 814229 a multiple of 102?
False
Is 256136 a multiple of 46?
False
Does 133 divide 32607?
False
Does 76 divide 199218?
False
Is 319 a factor of 1031646?
True
Is 4914667 a multiple of 100?
False
Is 190885 a multiple of 2?
False
Is 133584 a multiple of 69?
True
Does 41 divide 275976?
False
Does 272 divide 334570?
False
Does 56 divide 1561602?
False
Is 10752319 a multiple of 915?
False
Is 72700 a multiple of 6?
False
Is 122 a factor of 4769712?
True
Does 902 divide 9378996?
True
Is 21 a factor of 538926?
False
Does 191 divide 2831853?
False
Does 64 divide 27072?
True
Is 43225 a multiple of 7?
True
Does 485 divide 2568521?
False
Is 140 a factor of 3174545?
False
Is 117 a factor of 63349?
False
Does 29 divide 150249?
True
Is 682731 a multiple of 21?
True
Is 11 a factor of 58735?
False
Does 2 divide 2245734?
True
Is 54744 a multiple of 6?
True
Does 5 divide 164826?
False
Is 431353 a multiple of 29?
False
Does 607 divide 898831?
False
Is 684 a factor of 12507321?
False
Is 6485671 a multiple of 29?
False
Is 30 a factor of 763197?
False
Does 542 divide 429264?
True